-4) + (-5)/(-10). Calculate the highest common factor of b and 54.
27
Suppose -6*a + a = 25. Let n be (1/2)/(a/(-100)). What is the highest common divisor of n and 30?
10
Let i be 2156/99 - (-2)/9. What is the greatest common factor of i and 55?
11
Let k be ((-7)/(-4))/((-2)/8). Let y = -1 - k. Let g(c) = -c**3 + 6*c**2 + 2*c + 7. Let s be g(5). Calculate the greatest common divisor of y and s.
6
Let a = 55 - 39. What is the highest common factor of 112 and a?
16
Let h(c) = 16*c - 5. Let b be h(-4). Let r = 109 + b. Suppose -2*k - 14 = -8*d + 4*d, -3*d = -2*k - 9. What is the greatest common divisor of d and r?
5
Let c be -7*(2 - 32/14). Let u = c - -5. Calculate the greatest common divisor of u and 56.
7
Let a = 16 + -5. Suppose 2*c + 6 = -2*k, -5*k - 12 = 3*c - c. Let d = c + 2. What is the highest common divisor of d and a?
1
Let v = -53 - -77. Let d(r) = -r**3 - 4*r**2 - 5*r - 6. Let w be d(-5). Let j = w - v. Calculate the highest common factor of j and 30.
10
Let h(k) = 9*k**3 - k**2 - k + 1. Let v be h(1). Suppose -n + 5 = -v. Calculate the highest common factor of 52 and n.
13
Let f(h) = 202*h**2 + 2*h - 2. Let j be f(-8). Let x be j/95 - (-6)/57. Let s(k) = 6*k - 1. Let d be s(3). What is the greatest common divisor of x and d?
17
Suppose 4*z - 4 = -2*b + 24, 4*b = -4*z + 44. Let x(d) = 7 + 2*d - d + 65. Let u be x(0). Calculate the highest common factor of b and u.
8
Let t be 6/((-2)/(-1))*5. Let k = t + -10. Suppose k*g - 441 = 159. Calculate the greatest common divisor of 15 and g.
15
Suppose 5*d = 3*d. Suppose -5*r - 3*w + 75 = d, -2*r + 3*w + 49 = 8*w. What is the greatest common factor of r and 6?
6
Let s(h) = -h**3 - h**2 - 2*h + 1. Let p be s(-2). Suppose -5*k - 40 = -o, -3*o - 3*k + 140 = 2*k. What is the greatest common divisor of o and p?
9
Suppose 5*d = d. Suppose p + d*p = 4. What is the greatest common factor of 12 and p?
4
Let v(c) = c**3 - 9*c**2 + 2*c - 1. Let i be v(9). What is the greatest common divisor of i and 119?
17
Suppose 7*j - 4*j = -2*s + 16, -5*s - j + 27 = 0. Suppose 195 = s*r + v, 6*r - 85 = 4*r + v. Calculate the highest common divisor of r and 20.
20
Let i be 4/14 - 636/(-28). Let l = 42 + i. Calculate the greatest common divisor of l and 26.
13
Let b = 16 + -13. Calculate the highest common factor of b and 7.
1
Suppose 3*p = -4*g + 84, -3*g + 4*p - p = -42. Let k = -32 - -77. What is the highest common divisor of g and k?
9
Let v(f) = 3*f - 2. Let b be v(4). What is the highest common factor of 100 and b?
10
Let b be (-84)/(-63)*(-3)/2. Let a be 1/b - 1086/(-12). Let h = 23 - 13. What is the greatest common factor of h and a?
10
Suppose -8*i + 324 = -4*i. Suppose -3*r + d = 3*d, -4*r + 11 = -d. Suppose -r*b - 8 = -26. Calculate the greatest common divisor of b and i.
9
Suppose 5*x + 8*x - 39 = 0. Suppose 3*f = f + 18. What is the highest common factor of f and x?
3
Suppose 0 = 4*q - 6*q + 2. Suppose -5*h + 2*h = -33. Calculate the highest common factor of q and h.
1
Let r = 61 - 37. Suppose 4*h + 7 - 71 = 0. Calculate the highest common divisor of h and r.
8
Suppose 0*a = 2*a - 6. Suppose 0 = a*s + 5*q - 32, -s + 2*q - 3*q + 10 = 0. Calculate the highest common factor of 6 and s.
3
Suppose -m - 32 = -2*y - 3*m, -2*y = 4*m - 34. Calculate the greatest common divisor of 30 and y.
15
Let p be (-5)/((-20)/12) + 30. Let w = p + -11. Calculate the greatest common divisor of 66 and w.
22
Let m = 58 + -31. What is the greatest common factor of 18 and m?
9
Suppose 40 = 3*i - 125. Calculate the highest common factor of i and 11.
11
Let t(v) = 3*v**3 + 2*v**2 - 2*v + 2. Let p be t(3). Let h(o) = o**3 + 4*o**2 - 4*o + 3. Let m be h(2). Calculate the highest common divisor of m and p.
19
Let r(i) = -i**2 + 10*i - 12. Let o be r(8). Let l be 38/(-3) - o/(-6). Let n be (-3 + 2)*1*l. What is the highest common divisor of 4 and n?
4
Let s be (-96)/(-2)*(-30)/(-10). Calculate the highest common divisor of s and 16.
16
Suppose -4*o = -2*a - 6*o, -2*o = -a + 6. Let l be 118/8 + 10/40. Suppose 0 = i + 2*g, -g - l = 2*g. Calculate the greatest common factor of i and a.
2
Let o be (-1*6)/(3/(-4)). Let v = 13 + -11. What is the highest common divisor of v and o?
2
Suppose -3*l = -446 + 65. Suppose 4*b = -b + 5*a - 560, -b - l = -4*a. Let n = b - -197. Calculate the greatest common divisor of 15 and n.
15
Let i = 76 - 41. Calculate the greatest common divisor of i and 5.
5
Let b be 27/3*80/15. Calculate the greatest common divisor of 16 and b.
16
Suppose -3*v + f - 2*f + 14 = 0, 0 = -3*f + 6. Suppose -3*u + 51 = n, u - 13 = 5*n + v. Calculate the greatest common factor of 17 and u.
17
Let d(f) = 25*f**2 + 4*f - 6. Let k be d(3). Calculate the greatest common factor of 21 and k.
21
Let k be (-4)/14 - 102/(-14). Let i(f) = -f + 4. Let z be i(k). Let a be -2 - (0 + 18/z). What is the greatest common factor of a and 12?
4
Let f(h) = -h - 1. Let q(n) = -7*n + 4. Let b(j) = -6*f(j) + q(j). Let y be b(5). What is the highest common factor of 55 and y?
5
Suppose 3*d = 3*l - 27, -3*l + 5 = -2*l + d. Suppose 11 = 4*c + 3. Let q be (c + -6)*28/(-2). Calculate the highest common divisor of l and q.
7
Let o = -57 - -139. Suppose -314 - o = -4*z. Calculate the greatest common factor of z and 11.
11
Let f be 19 - (4/1 + -2). Suppose -3*a = -202 - 71. Let x = -6 + a. Calculate the highest common factor of x and f.
17
Let z be (1 + (-1 - -1))*52. Let c = z + -10. Suppose 3*a = -3*l + 51, -3*a + 4*a - 31 = -2*l. Calculate the greatest common divisor of c and l.
14
Let d be (-7 - -99)/(3 + -1). Let i(w) = 28*w + 3. Let q be i(4). Calculate the greatest common divisor of q and d.
23
Let y be (-1 - -3)/((-6)/(-3)). Let t(j) = -3*j + 1. Let m be t(y). Let h be 16 - 0 - (2 + m). What is the greatest common divisor of 24 and h?
8
Suppose 0 = 4*p + 3*l - 39, 2*p + 2 = -5*l + 25. Suppose 4*y = 2*a + 284, 2*y - 98 = 5*a + 36. What is the greatest common divisor of y and p?
9
Let n = 17 + -13. Suppose -20 = n*d, -2*m = -2*d + 4*d - 2. Calculate the highest common factor of m and 3.
3
Let o = -10 - -21. Calculate the highest common factor of 77 and o.
11
Let y(x) = 12*x**2 + 2*x - 1. Let a be y(1). Let c(z) = 26*z - 65. Let q be c(6). What is the greatest common factor of a and q?
13
Let j(f) = f**2 + 3*f + 4. Let p be j(5). Let a = p + -2. Calculate the highest common factor of a and 14.
14
Suppose 0 = -2*c + 233 - 71. Suppose -4*h + 28 = 5*n, -5*n = -n - 16. Suppose -21 = -h*t - 3. Calculate the greatest common divisor of t and c.
9
Let n be (36/15)/((-2)/10). Let t be n/42 + 844/14. Suppose 0*z - t = -4*z. What is the highest common factor of z and 15?
15
Let a = 60 - 44. What is the greatest common factor of a and 16?
16
Suppose 0 = 4*u + 3 - 99. Suppose u = 2*n - n. What is the greatest common divisor of n and 6?
6
Suppose 2*n - 225 - 149 = 0. Let k be ((-18)/15)/((-6)/20). Let l be 70/k - 2/4. Calculate the highest common factor of n and l.
17
Let g(x) = 5*x - 4. Let y be g(4). Calculate the greatest common factor of y and 16.
16
Let g be (1 - 0)*(-15)/(-3). Suppose -10*p + 5*p + g = 0. What is the greatest common divisor of 8 and p?
1
Suppose 0 = 2*x + 2*z - 248, 4*z - 57 = -x + 55. What is the greatest common factor of 16 and x?
16
Let f(d) = -d**2 - 3*d + 2. Let i be f(-3). Let c be i*(7/2 + -1). Let x be c/1*(-2 - -3). Calculate the highest common divisor of x and 5.
5
Let z be 1/(4/((-2400)/(-3))). Calculate the greatest common divisor of z and 20.
20
Let y = -82 - -142. Calculate the highest common factor of y and 15.
15
Let d be (10/(-8))/(7/(-224)). Suppose 2*c = -2*c - d. Let z = 15 + c. What is the greatest common factor of 5 and z?
5
Let t be ((-4)/6)/(2/(-21)). Let o = 23 - t. Calculate the greatest common factor of o and 8.
8
Let a be (1 + 2)*20/6. Let z(w) = w**2 - 5*w + 7. Let v be z(7). Let y = v + -11. Calculate the greatest common factor of y and a.
10
Let a(n) = 2*n**2 + 23*n + 30. Let h be a(-12). What is the highest common factor of 6 and h?
6
Suppose -r = -2 - 25. What is the highest common factor of 108 and r?
27
Let n be 7/(-3)*(-4 + 1). Let k = 36 + -5. Suppose -v - f + k = 0, -v = 2*f + 7 - 41. Calculate the highest common divisor of n and v.
7
Let t be (-3)/(4 + 50/(-12)). What is the greatest common factor of t and 